[INFO] cloning repository https://github.com/aakp10/xfast
[INFO] running `Command { std: "git" "-c" "credential.helper=" "-c" "credential.helper=/workspace/cargo-home/bin/git-credential-null" "clone" "--bare" "https://github.com/aakp10/xfast" "/workspace/cache/git-repos/https%3A%2F%2Fgithub.com%2Faakp10%2Fxfast", kill_on_drop: false }`
[INFO] [stderr] Cloning into bare repository '/workspace/cache/git-repos/https%3A%2F%2Fgithub.com%2Faakp10%2Fxfast'...
[INFO] running `Command { std: "git" "rev-parse" "HEAD", kill_on_drop: false }`
[INFO] [stdout] 30ae389b770f9fec389b771c26347e463a7cf804
[INFO] checking aakp10/xfast against try#72f88fc4e9458f89516a0b8b0868f3718aec5b47 for pr-74989
[INFO] running `Command { std: "git" "clone" "/workspace/cache/git-repos/https%3A%2F%2Fgithub.com%2Faakp10%2Fxfast" "/workspace/builds/worker-0/source", kill_on_drop: false }`
[INFO] [stderr] Cloning into '/workspace/builds/worker-0/source'...
[INFO] [stderr] done.
[INFO] validating manifest of git repo https://github.com/aakp10/xfast on toolchain 72f88fc4e9458f89516a0b8b0868f3718aec5b47
[INFO] running `Command { std: "/workspace/cargo-home/bin/cargo" "+72f88fc4e9458f89516a0b8b0868f3718aec5b47" "read-manifest" "--manifest-path" "Cargo.toml", kill_on_drop: false }`
[INFO] started tweaking git repo https://github.com/aakp10/xfast
[INFO] finished tweaking git repo https://github.com/aakp10/xfast
[INFO] tweaked toml for git repo https://github.com/aakp10/xfast written to /workspace/builds/worker-0/source/Cargo.toml
[INFO] crate git repo https://github.com/aakp10/xfast already has a lockfile, it will not be regenerated
[INFO] running `Command { std: "/workspace/cargo-home/bin/cargo" "+72f88fc4e9458f89516a0b8b0868f3718aec5b47" "fetch" "--locked" "--manifest-path" "Cargo.toml", kill_on_drop: false }`
[INFO] [stderr]     Blocking waiting for file lock on package cache
[INFO] running `Command { std: "docker" "create" "-v" "/var/lib/crater-agent-workspace/builds/worker-0/target:/opt/rustwide/target:rw,Z" "-v" "/var/lib/crater-agent-workspace/builds/worker-0/source:/opt/rustwide/workdir:ro,Z" "-v" "/var/lib/crater-agent-workspace/cargo-home:/opt/rustwide/cargo-home:ro,Z" "-v" "/var/lib/crater-agent-workspace/rustup-home:/opt/rustwide/rustup-home:ro,Z" "-e" "SOURCE_DIR=/opt/rustwide/workdir" "-e" "CARGO_TARGET_DIR=/opt/rustwide/target" "-e" "CARGO_HOME=/opt/rustwide/cargo-home" "-e" "RUSTUP_HOME=/opt/rustwide/rustup-home" "-w" "/opt/rustwide/workdir" "-m" "1610612736" "--user" "0:0" "--network" "none" "rustops/crates-build-env@sha256:d92eaeed33fa75130ca1ee6c8a01d1ffb62bac859dfdfb3450e3e5d1c0146529" "/opt/rustwide/cargo-home/bin/cargo" "+72f88fc4e9458f89516a0b8b0868f3718aec5b47" "metadata" "--no-deps" "--format-version=1", kill_on_drop: false }`
[INFO] [stdout] 686db7f7f9b4ed5e12d304f5dc833db9d59243a9b44cdf4583a46ddf64d4d9b8
[INFO] [stderr] WARNING: Your kernel does not support swap limit capabilities or the cgroup is not mounted. Memory limited without swap.
[INFO] running `Command { std: "docker" "start" "-a" "686db7f7f9b4ed5e12d304f5dc833db9d59243a9b44cdf4583a46ddf64d4d9b8", kill_on_drop: false }`
[INFO] running `Command { std: "docker" "inspect" "686db7f7f9b4ed5e12d304f5dc833db9d59243a9b44cdf4583a46ddf64d4d9b8", kill_on_drop: false }`
[INFO] running `Command { std: "docker" "rm" "-f" "686db7f7f9b4ed5e12d304f5dc833db9d59243a9b44cdf4583a46ddf64d4d9b8", kill_on_drop: false }`
[INFO] [stdout] 686db7f7f9b4ed5e12d304f5dc833db9d59243a9b44cdf4583a46ddf64d4d9b8
[INFO] running `Command { std: "docker" "create" "-v" "/var/lib/crater-agent-workspace/builds/worker-0/target:/opt/rustwide/target:rw,Z" "-v" "/var/lib/crater-agent-workspace/builds/worker-0/source:/opt/rustwide/workdir:ro,Z" "-v" "/var/lib/crater-agent-workspace/cargo-home:/opt/rustwide/cargo-home:ro,Z" "-v" "/var/lib/crater-agent-workspace/rustup-home:/opt/rustwide/rustup-home:ro,Z" "-e" "SOURCE_DIR=/opt/rustwide/workdir" "-e" "CARGO_TARGET_DIR=/opt/rustwide/target" "-e" "CARGO_INCREMENTAL=0" "-e" "RUST_BACKTRACE=full" "-e" "RUSTFLAGS=--cap-lints=forbid" "-e" "CARGO_HOME=/opt/rustwide/cargo-home" "-e" "RUSTUP_HOME=/opt/rustwide/rustup-home" "-w" "/opt/rustwide/workdir" "-m" "1610612736" "--user" "0:0" "--network" "none" "rustops/crates-build-env@sha256:d92eaeed33fa75130ca1ee6c8a01d1ffb62bac859dfdfb3450e3e5d1c0146529" "/opt/rustwide/cargo-home/bin/cargo" "+72f88fc4e9458f89516a0b8b0868f3718aec5b47" "check" "--frozen" "--all" "--all-targets" "--message-format=json", kill_on_drop: false }`
[INFO] [stdout] 5c873f617a14d4576f86e297245252dcb30a0933387798d14edc7c54150f3094
[INFO] [stderr] WARNING: Your kernel does not support swap limit capabilities or the cgroup is not mounted. Memory limited without swap.
[INFO] running `Command { std: "docker" "start" "-a" "5c873f617a14d4576f86e297245252dcb30a0933387798d14edc7c54150f3094", kill_on_drop: false }`
[INFO] [stderr]     Checking xfast v0.1.0 (/opt/rustwide/workdir)
[INFO] [stdout] error[E0599]: no function or associated item named `into_raw_non_null` found for struct `Box<_>` in the current scope
[INFO] [stdout]    --> src/lib.rs:150:30
[INFO] [stdout]     |
[INFO] [stdout] 150 |         let root_node = Box::into_raw_non_null(root_node);
[INFO] [stdout]     |                              ^^^^^^^^^^^^^^^^^ function or associated item not found in `Box<_>`
[INFO] [stdout] 
[INFO] [stdout] 
[INFO] [stdout] error[E0599]: no function or associated item named `into_raw_non_null` found for struct `Box<_>` in the current scope
[INFO] [stdout]    --> src/lib.rs:336:38
[INFO] [stdout]     |
[INFO] [stdout] 336 |                 let temp_node = Box::into_raw_non_null(temp_node);
[INFO] [stdout]     |                                      ^^^^^^^^^^^^^^^^^ function or associated item not found in `Box<_>`
[INFO] [stdout] 
[INFO] [stdout] 
[INFO] [stdout] error[E0599]: no function or associated item named `into_raw_non_null` found for struct `Box<_>` in the current scope
[INFO] [stdout]    --> src/lib.rs:432:34
[INFO] [stdout]     |
[INFO] [stdout] 432 |         let new_node = Some(Box::into_raw_non_null(new_node));
[INFO] [stdout]     |                                  ^^^^^^^^^^^^^^^^^ function or associated item not found in `Box<_>`
[INFO] [stdout] 
[INFO] [stdout] 
[INFO] [stdout] error[E0599]: no function or associated item named `into_raw_non_null` found for struct `Box<_>` in the current scope
[INFO] [stdout]    --> src/lib.rs:150:30
[INFO] [stdout]     |
[INFO] [stdout] 150 |         let root_node = Box::into_raw_non_null(root_node);
[INFO] [stdout]     |                              ^^^^^^^^^^^^^^^^^ function or associated item not found in `Box<_>`
[INFO] [stdout] 
[INFO] [stdout] 
[INFO] [stdout] error[E0599]: no function or associated item named `into_raw_non_null` found for struct `Box<_>` in the current scope
[INFO] [stdout]    --> src/lib.rs:336:38
[INFO] [stdout]     |
[INFO] [stdout] 336 |                 let temp_node = Box::into_raw_non_null(temp_node);
[INFO] [stdout]     |                                      ^^^^^^^^^^^^^^^^^ function or associated item not found in `Box<_>`
[INFO] [stdout] 
[INFO] [stdout] 
[INFO] [stdout] error: aborting due to 3 previous errors
[INFO] [stdout] 
[INFO] [stdout] 
[INFO] [stdout] For more information about this error, try `rustc --explain E0599`.
[INFO] [stdout] 
[INFO] [stdout] error[E0599]: no function or associated item named `into_raw_non_null` found for struct `Box<_>` in the current scope
[INFO] [stdout]    --> src/lib.rs:432:34
[INFO] [stdout]     |
[INFO] [stdout] 432 |         let new_node = Some(Box::into_raw_non_null(new_node));
[INFO] [stdout]     |                                  ^^^^^^^^^^^^^^^^^ function or associated item not found in `Box<_>`
[INFO] [stdout] 
[INFO] [stdout] 
[INFO] [stderr] error: could not compile `xfast`.
[INFO] [stderr] 
[INFO] [stderr] To learn more, run the command again with --verbose.
[INFO] [stderr] warning: build failed, waiting for other jobs to finish...
[INFO] [stdout] error: aborting due to 3 previous errors
[INFO] [stdout] 
[INFO] [stdout] 
[INFO] [stdout] For more information about this error, try `rustc --explain E0599`.
[INFO] [stdout] 
[INFO] [stderr] error: build failed
[INFO] running `Command { std: "docker" "inspect" "5c873f617a14d4576f86e297245252dcb30a0933387798d14edc7c54150f3094", kill_on_drop: false }`
[INFO] running `Command { std: "docker" "rm" "-f" "5c873f617a14d4576f86e297245252dcb30a0933387798d14edc7c54150f3094", kill_on_drop: false }`
[INFO] [stdout] 5c873f617a14d4576f86e297245252dcb30a0933387798d14edc7c54150f3094
